{"id":8,"date":"2022-06-23T18:56:09","date_gmt":"2022-06-23T16:56:09","guid":{"rendered":"http:\/\/laurent-b.be\/?page_id=8"},"modified":"2026-04-14T14:11:53","modified_gmt":"2026-04-14T12:11:53","slug":"contact","status":"publish","type":"page","link":"https:\/\/laurent-b.be\/","title":{"rendered":"Contact"},"content":{"rendered":"\n<div class=\"wp-block-group\"><div class=\"wp-block-group__inner-container is-layout-constrained wp-block-group-is-layout-constrained\">\n<p class=\"has-text-color has-link-color wp-elements-e735feeee102217fbf9150790e7ef440\" style=\"color:#f901e5\"><strong>Fermetures mai 2026:<\/strong><\/p>\n\n\n\n<ul class=\"wp-block-list\">\n<li class=\"has-text-color has-link-color wp-elements-3a0d4f168adfb7d1ec3329c361d11de4\" style=\"color:#f901e5\"><strong>du<\/strong> <strong>samedi 2 mai au lundi 11 mai inclus.<\/strong><\/li>\n\n\n\n<li class=\"has-text-color has-link-color wp-elements-ff6a4283a7902b964f1e237950d4f9c3\" style=\"color:#f901e5\"><strong>mardi 19 et mercredi 20 mai.<\/strong><\/li>\n<\/ul>\n<\/div><\/div>\n\n\n\n<p><strong>Laurent B. Opticien Ind\u00e9pendant<\/strong><\/p>\n\n\n\n<p>Ouvert du mardi au vendredi de 9h \u00e0 19h,<br>Le samedi de 9h \u00e0 18h<\/p>\n\n\n\n<div class=\"wp-block-group\"><div class=\"wp-block-group__inner-container is-layout-flow wp-block-group-is-layout-flow\">\n<p>Place Joseph Thiry, 14<br>4920 AYWAILLE<br>Belgique<\/p>\n<\/div><\/div>\n\n\n\n<p>T 04 384 42 86<\/p>\n\n\n\n<p>info@laurent-b.be<\/p>\n\n\n\n<p><\/p>\n","protected":false},"excerpt":{"rendered":"<p>Fermetures mai 2026: Laurent B. Opticien Ind\u00e9pendant Ouvert du mardi au vendredi de 9h \u00e0 19h,Le samedi de 9h \u00e0 18h Place Joseph Thiry, 144920 AYWAILLEBelgique T 04 384 42 86 info@laurent-b.be<\/p>\n","protected":false},"author":1,"featured_media":0,"parent":0,"menu_order":0,"comment_status":"closed","ping_status":"closed","template":"","meta":{"footnotes":""},"class_list":["post-8","page","type-page","status-publish","hentry"],"_links":{"self":[{"href":"https:\/\/laurent-b.be\/index.php\/wp-json\/wp\/v2\/pages\/8","targetHints":{"allow":["GET"]}}],"collection":[{"href":"https:\/\/laurent-b.be\/index.php\/wp-json\/wp\/v2\/pages"}],"about":[{"href":"https:\/\/laurent-b.be\/index.php\/wp-json\/wp\/v2\/types\/page"}],"author":[{"embeddable":true,"href":"https:\/\/laurent-b.be\/index.php\/wp-json\/wp\/v2\/users\/1"}],"replies":[{"embeddable":true,"href":"https:\/\/laurent-b.be\/index.php\/wp-json\/wp\/v2\/comments?post=8"}],"version-history":[{"count":52,"href":"https:\/\/laurent-b.be\/index.php\/wp-json\/wp\/v2\/pages\/8\/revisions"}],"predecessor-version":[{"id":241,"href":"https:\/\/laurent-b.be\/index.php\/wp-json\/wp\/v2\/pages\/8\/revisions\/241"}],"wp:attachment":[{"href":"https:\/\/laurent-b.be\/index.php\/wp-json\/wp\/v2\/media?parent=8"}],"curies":[{"name":"wp","href":"https:\/\/api.w.org\/{rel}","templated":true}]}}